uppose 124 + 468 = 74*g. Calculate the highest common factor of g and 584.
8
Suppose 5*l - 15 = 5*j - 0*j, -5*l + 4*j = -17. What is the greatest common factor of l and 395?
5
Let x = 24 + 38. Suppose -1 = 3*n - 5*k + 4, -3*n + 35 = 5*k. Suppose -x = -n*c + 163. Calculate the highest common factor of c and 9.
9
Suppose 89*d - 95*d = -36. Suppose 0*p + 5*p - 25 = 4*g, 5*g + 4*p = -21. Let y be 15/d*(-24)/g. What is the highest common divisor of y and 24?
12
Suppose -16*x = -1345 - 15503. Calculate the highest common divisor of x and 26.
13
Suppose 3*q - 5*k - 730 = 0, -4*k = 5*q - 105 - 1050. What is the highest common divisor of q and 5?
5
Let y = -12 + 14. Let z = y - -13. Suppose 3*f - 143 = -0*l + 2*l, 2*l + 98 = 2*f. What is the highest common divisor of f and z?
15
Let f be (-2)/10 + (-88)/10. Let o = f - -29. Suppose 0 = 2*b + 3*u - o, 3*b + u = 15 + 8. What is the highest common factor of b and 7?
7
Let p be (-10)/5*3/1. Let w(a) = -a + 6. Let k be w(p). Calculate the greatest common divisor of k and 24.
12
Let h(u) = -u**3 - 4*u**2 - 3*u + 8. Let c be h(-4). Suppose n - c = -n. What is the greatest common factor of n and 2?
2
Let m be 8/((-40)/(-45)) + -5. Calculate the highest common factor of 10 and m.
2
Let c = 9 - -26. Let r = 1061 - 1056. What is the highest common divisor of r and c?
5
Suppose -69 - 54 = -3*x. Calculate the highest common factor of x and 164.
41
Let j = 152 - 143. What is the greatest common divisor of 147 and j?
3
Let w = 7 - -23. Suppose w*k = 34*k - 288. Calculate the greatest common divisor of k and 8.
8
Suppose -2*p + 2*f = 10 - 74, f + 1 = 0. Let i = p - 25. Let u(g) = -g + 2. Let n be u(0). Calculate the greatest common factor of i and n.
2
Let h(d) = d**3 + 32*d**2 + 55*d - 120. Let u be h(-30). Calculate the greatest common factor of u and 18.
6
Let c = -7 - -3. Let j be 3 - (4 - (-4)/c). Suppose -y + 4*b + 24 = 0, j*b = -3*y - 3*b - 3. Calculate the greatest common divisor of y and 28.
4
Let x = -60 - -54. Let p be 38/3*(-9)/x. Suppose -2*c = -6 - 32. What is the highest common divisor of p and c?
19
Let l be (4 + -2)*91/2. Let j = l + -4. Suppose 4*c + 3*y + 7 - j = 0, 0 = -3*c + 2*y + 77. Calculate the highest common divisor of 115 and c.
23
Suppose 4*r = -2*z + 12, -165*z - 2*r + 18 = -161*z. What is the highest common factor of 23 and z?
1
Suppose 14*s = 2*s + 192. Calculate the highest common factor of s and 8.
8
Let q = 332 + -170. What is the greatest common factor of q and 12?
6
Let r be (-207)/(-18) - (-1)/2. Let b = r - -2. What is the highest common factor of b and 42?
14
Let p = 146 - 127. Let m = 30 + -11. Calculate the highest common factor of p and m.
19
Let k(s) = 35*s + 35. Let g(l) = 12*l + 12. Let z(m) = 14*g(m) - 4*k(m). Let y be z(8). What is the highest common factor of 28 and y?
28
Let k = 1412 + -1370. Calculate the greatest common divisor of k and 1323.
21
Suppose 2*r + 11*z - 8*z - 390 = 0, 0 = r - 5*z - 182. What is the greatest common divisor of r and 64?
64
Let t(s) = -s**2 + 3*s + 44. Let r be t(8). Let g be ((-4)/5)/((-2)/5). What is the greatest common factor of r and g?
2
Let s be (-546)/(-15) - 2/5. Let a(g) = -2*g - g + 3*g + 3*g. Let d be a(4). Calculate the highest common divisor of d and s.
12
Suppose -56*p - 864 = -59*p. What is the greatest common divisor of 45 and p?
9
Let j(g) = g**2 + g - 1. Let s be j(-2). Suppose 0 = -5*o + 3*n + 14 + 1, 5*n - s = 4*o. What is the greatest common factor of o and 15?
3
Let c(g) = 58*g + 2. Let r be c(3). Suppose -5*t = k - 52, 733 - 807 = -2*k - 5*t. What is the highest common factor of r and k?
22
Suppose 12*a + 54 = 10*a. Let c be (a/36)/((1/20)/(-1)). Calculate the greatest common divisor of c and 5.
5
Suppose -10*y + 30 = -7*y. What is the highest common divisor of 470 and y?
10
Suppose -5*b = 3*l - l + 15, -4*l = -3*b - 35. Suppose 11 = 5*g + 1. What is the greatest common divisor of l and g?
1
Let h(t) = 8*t**2 - t + 2. Let c be h(-2). What is the highest common factor of 1026 and c?
18
Suppose 0*v = 3*n + 3*v + 15, n = -2*v - 4. Let r be n/39 + 396/39. Calculate the highest common divisor of 130 and r.
10
Suppose -33088 = -50*r + 18*r. What is the greatest common divisor of r and 22?
22
Suppose 74 = 4*b - 106. Let c = b + -31. What is the greatest common divisor of 154 and c?
14
Suppose -496 = -4*f - 4*t, 3*t = 2*f - 3*f + 120. What is the greatest common factor of f and 9?
9
Let d be (-68404)/(-168) - 1/6. Calculate the greatest common divisor of 74 and d.
37
Let l be 52/(-30)*-426 + 8/(-20). What is the highest common divisor of l and 54?
18
Let n be (-2 - -2 - -2)*70. Suppose 18 = 9*y - 6*y. Suppose y*x = 128 - 44. Calculate the greatest common factor of n and x.
14
Let y = 1560 - 202. What is the greatest common factor of y and 28?
14
Let c(f) = f + 1 + 3 + 9. Let m be c(-3). What is the greatest common factor of m and 20?
10
Let d(b) = -b**3 + 3*b**2 + 24*b + 6. Let h be d(4). What is the greatest common divisor of 2 and h?
2
Let z(f) be the first derivative of 7*f**3/3 + 5*f**2/2 - 4*f + 7. Let g be z(3). Calculate the highest common factor of g and 185.
37
Let m be (2142/(-378))/(1*(-1)/9). Calculate the highest common divisor of 85 and m.
17
Let g = 13 + 10. Calculate the highest common divisor of 115 and g.
23
Let m(x) = -x + 22. Let u(f) = f**3 - 4*f**2 + 3*f - 2. Let s be u(4). Let i be m(s). Calculate the highest common factor of i and 60.
12
Let q(u) = u**3 - 4*u**2 + 18*u - 20. Let z be q(7). Calculate the greatest common divisor of 184 and z.
23
Suppose -6*x - 72 = -18*x. Let b be (-1258)/(-10) + x*(-8)/60. What is the highest common factor of 50 and b?
25
Let h(n) = -5*n + 2. Let d be h(4). Let k be (-20)/90 + (-238)/d. What is the greatest common divisor of k and 117?
13
Suppose r + 19 = q, -3*r - r - 55 = -3*q. Suppose 0 = m + 2*t - 86, -2*m + 2*t + 3*t = -199. Suppose -a - 29 = -m. What is the highest common factor of q and a?
21
Suppose -2*n + n - c + 191 = 0, 3 = -3*c. Let x = -54 - -70. What is the greatest common divisor of n and x?
16
Let i = 1011 - 736. Calculate the highest common divisor of i and 50.
25
Suppose 0 = -a + 5*o + 14, 3*a = 2*o + 14 + 15. Calculate the greatest common factor of 21 and a.
3
Let l = 139 + -93. Suppose 424 = -17*n + 1597. Calculate the highest common divisor of n and l.
23
Let l = 2 + 3. Suppose 6*x - x - 3*w - 19 = 0, -4*x = l*w - 30. Suppose 0 = q + 4 - x. Calculate the greatest common factor of 1 and q.
1
Let r = -58 + 63. Suppose -8*g + 198 = -r*g. Calculate the highest common factor of 6 and g.
6
Let d be 34 + (-1 - -6)*(23 + -22). What is the greatest common factor of d and 39?
39
Suppose 0 = -2*t + 3*z + 114, -t + 37 + 31 = 4*z. Calculate the greatest common divisor of t and 18.
6
Let n = 664 - 265. What is the highest common divisor of 21 and n?
21
Let k(v) = -v**3 - 22*v**2 + 75*v + 20. Let r be k(-28). Calculate the greatest common factor of 64 and r.
64
Let l be (-8)/(-12) + 1 + 221/(-3). Let o = -24 - l. What is the greatest common factor of 6 and o?
6
Let v = 119 + 25. What is the highest common divisor of 360 and v?
72
Let q(z) = -42*z - 6. Let s be q(-7). Let v = -354 + 386. What is the greatest common divisor of s and v?
32
Suppose 59*p + 3*o = 55*p + 23, 20 = 3*p + 5*o. Let n = 47 - 12. Calculate the highest common divisor of p and n.
5
Let w be ((-4)/(-20) + 1)/((-9)/(-30)). Suppose j - 2*i - 5 = 0, 0 = 2*j - 0*i + w*i - 10. Calculate the greatest common factor of j and 10.
5
Let t = -55 - -160. Let k be (-77)/(-5) + 14/(-35). Calculate the highest common divisor of t and k.
15
Let c(n) be the third derivative of -1/60*n**5 + 0*n + 6*n**2 + 0 - 7/12*n**4 - 7/6*n**3. Let q be c(-13). What is the highest common divisor of q and 30?
6
Suppose 132 = -19*v + 23*v. What is the greatest common factor of 165 and v?
33
Let c = -23 - -30. Let i(o) = -o**3 + 2*o**2 + 5*o - 2. Let q be i(3). Let r be (6/q)/(3/42). Calculate the highest common divisor of c and r.
7
Let g be (78 - 2) + 1/1. Let l = 152 + -132. Suppose -29 - 7 = -3*w - k, -l = -w - 3*k. What is the greatest common divisor of g and w?
11
Let b be 3*16/12*1. Let n be (b + -2)*(-1)/(-2). Suppose 2*a - q - 8 = 0, 3 = q + n. Calculate the greatest common factor of 55 and a.
5
Suppose -4*l - 7 = 3*l